151 is divided by 14?
11
Calculate the remainder when 5 is divided by 5.
0
Calculate the remainder when 1333 is divided by 11.
2
Calculate the remainder when 582 is divided by 46.
30
What is the remainder when 1534 is divided by 19?
14
Calculate the remainder when 197 is divided by 103.
94
Calculate the remainder when 1510 is divided by 24.
22
What is the remainder when 919 is divided by 115?
114
What is the remainder when 50 is divided by 15?
5
What is the remainder when 5 is divided by 3?
2
What is the remainder when 789 is divided by 199?
192
Calculate the remainder when 154 is divided by 46.
16
Calculate the remainder when 29 is divided by 2.
1
Calculate the remainder when 79 is divided by 5.
4
What is the remainder when 114 is divided by 42?
30
Calculate the remainder when 310 is divided by 6.
4
What is the remainder when 1245 is divided by 406?
27
Calculate the remainder when 118 is divided by 45.
28
What is the remainder when 469 is divided by 47?
46
What is the remainder when 5359 is divided by 67?
66
What is the remainder when 220 is divided by 28?
24
What is the remainder when 1534 is divided by 24?
22
Calculate the remainder when 610 is divided by 125.
110
What is the remainder when 285 is divided by 10?
5
What is the remainder when 2807 is divided by 560?
7
What is the remainder when 364 is divided by 46?
42
Calculate the remainder when 5344 is divided by 105.
94
What is the remainder when 92 is divided by 6?
2
What is the remainder when 546 is divided by 256?
34
Calculate the remainder when 330 is divided by 30.
0
Calculate the remainder when 246 is divided by 66.
48
What is the remainder when 87 is divided by 36?
15
What is the remainder when 15484 is divided by 29?
27
Calculate the remainder when 117 is divided by 15.
12
Calculate the remainder when 7522 is divided by 106.
102
What is the remainder when 2447 is divided by 812?
11
Calculate the remainder when 327 is divided by 33.
30
What is the remainder when 4034 is divided by 11?
8
Calculate the remainder when 307 is divided by 42.
13
What is the remainder when 243 is divided by 99?
45
Calculate the remainder when 268 is divided by 29.
7
Calculate the remainder when 622 is divided by 147.
34
What is the remainder when 1456 is divided by 444?
124
What is the remainder when 11598 is divided by 58?
56
What is the remainder when 29 is divided by 18?
11
What is the remainder when 239 is divided by 51?
35
Calculate the remainder when 83 is divided by 10.
3
What is the remainder when 348 is divided by 122?
104
Calculate the remainder when 8507 is divided by 18.
11
Calculate the remainder when 495 is divided by 491.
4
What is the remainder when 98 is divided by 52?
46
What is the remainder when 745 is divided by 160?
105
Calculate the remainder when 765 is divided by 6.
3
What is the remainder when 13702 is divided by 403?
0
What is the remainder when 681 is divided by 61?
10
What is the remainder when 31527 is divided by 15?
12
Calculate the remainder when 112 is divided by 39.
34
What is the remainder when 100 is divided by 35?
30
What is the remainder when 2494 is divided by 139?
131
Calculate the remainder when 277 is divided by 28.
25
What is the remainder when 5996 is divided by 125?
121
Calculate the remainder when 1464 is divided by 40.
24
What is the remainder when 6509 is divided by 167?
163
Calculate the remainder when 33 is divided by 14.
5
Calculate the remainder when 438 is divided by 20.
18
Calculate the remainder when 190 is divided by 151.
39
What is the remainder when 1544 is divided by 155?
149
Calculate the remainder when 106 is divided by 26.
2
Calculate the remainder when 20346 is divided by 119.
116
What is the remainder when 208 is divided by 51?
4
What is the remainder when 389 is divided by 28?
25
What is the remainder when 438 is divided by 63?
60
What is the remainder when 1222 is divided by 136?
134
What is the remainder when 291 is divided by 14?
11
Calculate the remainder when 230 is divided by 80.
70
What is the remainder when 112 is divided by 44?
24
Calculate the remainder when 363 is divided by 340.
23
Calculate the remainder when 2156 is divided by 27.
23
Calculate the remainder when 108 is divided by 84.
24
Calculate the remainder when 243 is divided by 33.
12
Calculate the remainder when 306 is divided by 31.
27
What is the remainder when 583 is divided by 16?
7
Calculate the remainder when 1163 is divided by 22.
19
Calculate the remainder when 1051 is divided by 81.
79
What is the remainder when 3262 is divided by 12?
10
Calculate the remainder when 511 is divided by 163.
22
What is the remainder when 300 is divided by 153?
147
What is the remainder when 1543 is divided by 36?
31
What is the remainder when 419 is divided by 15?
14
What is the remainder when 185 is divided by 28?
17
What is the remainder when 44616 is divided by 194?
190
What is the remainder when 178 is divided by 10?
8
What is the remainder when 96 is divided by 23?
4
Calculate the remainder when 212 is divided by 101.
10
Calculate the remainder when 3323 is divided by 26.
21
Calculate the remainder when 571 is divided by 54.
31
What is the remainder when 3781 is divided by 19?
0
Calculate the remainder when 4614 is divided by 77.
71
Calculate the remainder when 150 is divided by 19.
17
What is the remainder when 1013 is divided by 34?
27
Calculate the remainder when 908 is divided by 128.
12
What is the remainder when 484 is divided by 37?
3
What is the remainder when 789 is divided by 18?
15
Calculate the remainder when 143 is divided by 8.
7
Calculate the remainder when 154 is divided by 39.
37
What is the remainder when 666 is divided by 221?
3
What is the remainder when 311 is divided by 71?
27
Calculate the remainder when 137 is divided by 23.
22
What is the remainder when 282 is divided by 10?
2
Calculate the remainder when 1279 is divided by 6.
1
Calculate the remainder when 1418 is divided by 38.
12
What is the remainder when 503 is divided by 165?
8
What is the remainder when 1024 is divided by 39?
10
What is the remainder when 9000 is divided by 14?
12
What is the remainder when 3358 is divided by 28?
26
Calculate the remainder when 654 is divided by 14.
10
Calculate the remainder when 256 is divided by 79.
19
Calculate the remainder when 178 is divided by 49.
31
Calculate the remainder when 4066 is divided by 13.
10
What is the remainder when 78 is divided by 21?
15
Calculate the remainder when 3330 is divided by 11.
8
Calculate the remainder when 299 is divided by 12.
11
Calculate the remainder when 884 is divided by 438.
8
Calculate the remainder when 1146 is divided by 52.
2
Calculate the remainder when 190 is divided by 2.
0
What is the remainder when 643 is divided by 218?
207
What is the remainder when 276 is divided by 3?
0
What is the remainder when 200 is divided by 29?
26
What is the remainder when 950 is divided by 15?
5
What is the remainder when 8617 is divided by 139?
138
Calculate the remainder when 4308 is divided by 72.
60
Calculate the remainder when 2558 is divided by 41.
16
Calculate the remainder when 1517 is divided by 26.
9
What is the remainder when 133 is divided by 14?
7
Calculate the remainder when 6781 is divided by 21.
19
What is the remainder when 184 is divided by 19?
13
Calculate the remainder when 149 is divided by 66.
17
What is the remainder when 624 is divided by 27?
3
Calculate the remainder when 152 is divided by 41.
29
Calculate the remainder when 77 is divided by 20.
17
What is the remainder when 2893 is divided by 18?
13
What is the remainder when 507 is divided by 37?
26
Calculate the remainder when 500 is divided by 14.
10
What is the remainder when 58 is divided by 22?
14
What is the remainder when 206 is divided by 6?
2
Calculate the remainder when 198 is divided by 8.
6
What is the remainder when 33 is divided by 10?
3
What is the remainder when 2878 is divided by 144?
142
Calculate the remainder when 621 is divided by 117.
36
Calculate the remainder when 376 is divided by 94.
0
What is the remainder when 11 is divided by 10?
1
Calculate the remainder when 2691 is divided by 77.
73
Calculate the remainder when 1142 is divided by 402.
338
Calculate the remainder when 379 is divided by 173.
33
What is the remainder whe